b
-330200 (base 4) to base 7
-14201
-79 (base 16) to base 8
-171
-3e55 (base 15) to base 11
-a041
What is -4874 (base 12) in base 15?
-2637
What is -3741 (base 11) in base 13?
-22ba
-5aa (base 14) to base 9
-1485
What is -1a2 (base 12) in base 8?
-412
What is -3502 (base 13) in base 3?
-101012111
-4606 (base 10) to base 4
-1013332
What is -273 (base 14) in base 9?
-607
Convert 2102300 (base 4) to base 14.
35cc
What is -167754 (base 8) in base 11?
-42167
What is 233242 (base 5) in base 12?
4b64
What is 712 (base 8) in base 10?
458
Convert -101020120 (base 3) to base 9.
-11216
-1677 (base 8) to base 12
-67b
What is 10002 (base 4) in base 6?
1110
Convert c405 (base 13) to base 15.
8030
-2369 (base 13) to base 8
-11574
Convert -10100001011 (base 2) to base 13.
-784
What is 4b3b (base 13) in base 12?
6235
Convert 1030013 (base 4) to base 7.
20126
Convert -111100000 (base 2) to base 16.
-1e0
528 (base 10) to base 5
4103
-6162 (base 7) to base 11
-1686
-72a (base 13) to base 8
-2303
2103 (base 9) to base 8
3006
Convert 1891 (base 15) to base 13.
2557
Convert 1343 (base 9) to base 10.
1011
What is 414340 (base 5) in base 4?
3112120
What is 44142 (base 6) in base 4?
1133132
-121211221 (base 3) to base 7
-50545
What is 5f2 (base 16) in base 4?
113302
Convert -351314 (base 6) to base 2.
-111010110111110
Convert 18080 (base 9) to base 16.
30b1
-6ad (base 15) to base 3
-2002001
-2793 (base 16) to base 4
-2132103
Convert 1022123 (base 4) to base 9.
6472
2442 (base 6) to base 10
602
What is -6155 (base 9) in base 4?
-1012121
Convert 107b (base 14) to base 16.
b25
-4328 (base 11) to base 5
-140332
What is 1001111 (base 3) in base 8?
1401
2028 (base 10) to base 9
2703
-12122330 (base 4) to base 6
-321432
Convert -1182 (base 10) to base 14.
-606
a92 (base 16) to base 14
db4
Convert -7ab (base 12) to base 14.
-5b5
Convert -b4 (base 14) to base 3.
-12212
Convert -1584 (base 11) to base 15.
-903
Convert -1c619 (base 13) to base 2.
-1101101010011001
13343 (base 6) to base 5
31304
Convert 4114 (base 7) to base 12.
9b4
2211133 (base 4) to base 12
6167
What is 11891 (base 13) in base 8?
76744
Convert -11000101110 (base 2) to base 15.
-707
-102102101 (base 3) to base 12
-499a
What is 681 (base 11) in base 8?
1457
1112 (base 3) to base 2
101001
11305 (base 11) to base 10
16340
Convert -1101100100101101 (base 2) to base 9.
-84234
What is 3301 (base 6) in base 5?
11012
50 (base 14) to base 5
240
What is 4241 (base 5) in base 6?
2351
Convert 2fae (base 16) to base 15.
393b
Convert -1039b (base 13) to base 11.
-1aa32
What is 168 (base 14) in base 2?
100100000
What is ac (base 16) in base 5?
1142
Convert -413 (base 8) to base 2.
-100001011
Convert 13682 (base 9) to base 5.
244213
Convert -4aa (base 16) to base 4.
-102222
What is 525202 (base 6) in base 10?
42626
What is -1e0 (base 16) in base 3?
-122210
Convert 20e (base 16) to base 5.
4101
Convert 100566 (base 7) to base 13.
7a25
8767 (base 13) to base 14
6c20
What is 46084 (base 11) in base 8?
202122
-2b9 (base 13) to base 14
-270
Convert -3157 (base 8) to base 15.
-74c
What is -89a (base 11) in base 2?
-10000110101
3453 (base 9) to base 15
b59
2163 (base 14) to base 2
1011010001011
What is 4252 (base 10) in base 3?
12211111
What is 1982 (base 13) in base 2?
111011110000
Convert 1010002 (base 4) to base 11.
32a9
Convert 303320 (base 7) to base 14.
14b47
-11200 (base 10) to base 9
-16324
Convert -2255 (base 8) to base 12.
-839
What is 1000110101 (base 2) in base 8?
1065
Convert 100011221 (base 3) to base 10.
6694
Convert -521 (base 12) to base 14.
-3b3
What is -366 (base 13) in base 14?
-303
-2021011100 (base 3) to base 2
-1010111000101010
Convert 12157 (base 8) to base 4.
1101233
Convert 2476 (base 10) to base 3.
10101201
a79 (base 11) to base 9
1700
What is -1014351 (base 6) in base 13?
-1938a
Convert 1043434 (base 5) to base 13.
8623
What is 2223 (base 10) in base 9?
3040
What is -78cc (base 13) in base 7?
-100161
104534 (base 8) to base 2
1000100101011100
What is -2222000 (base 3) in base 8?
-4160
Convert -33341 (base 6) to base 3.
-20101221
What is -110001110111110 (base 2) in base 11?
-18203
What is 25141 (base 9) in base 11?
11760
Convert 31c (base 16) to base 8.
1434
Convert 18720 (base 13) to base 15.
e066
Convert -290 (base 12) to base 10.
-396
What is 410432 (base 5) in base 6?
141150
What is 1212011101 (base 3) in base 16?
8ed8
Convert -a1c7 (base 14) to base 5.
-1342221
Convert 17069 (base 11) to base 9.
35863
-4e49 (base 15) to base 13
-77c1
Convert 21000202 (base 3) to base 15.
17b8
What is -54 (base 6) in base 2?
-100010
What is a68 (base 14) in base 6?
13300
511 (base 9) to base 7
1132
What is -1100101000 (base 2) in base 4?
-30220
-558 (base 11) to base 3
-220202
Convert -671 (base 9) to base 6.
-2314
What is 12123132 (base 4) in base 12?
132a6
What is -520 (base 9) in base 4?
-12213
1221300 (base 4) to base 12
3b00
What is 24208 (base 9) in base 5?
1004313
Convert -3331220 (base 4) to base 11.
-11217
b0e (base 16) to base 8
5416
Convert -34601 (base 7) to base 11.
-6734
What is 2110 (base 5) in base 2?
100011000
Convert -220 (base 5) to base 6.
-140
What is -732 (base 10) in base 5?
-10412
What is 30434 (base 6) in base 8?
7726
-769 (base 15) to base 6
-11430
What is 1121002 (base 4) in base 10?
5698
1201321 (base 4) to base 9
8531
Convert 5d4 (base 16) to base 5.
21432
46021 (base 7) to base 10
11677
Convert -1010011101011111 (base 2) to base 14.
-11887
Convert -13021 (base 4) to base 12.
-321
What is 441 (base 13) in base 10?
729
What is 14317 (base 8) in base 3?
22201020
Convert 51cd (base 14) to base 10.
14097
What is 1452 (base 6) in base 13?
242
Convert 216136 (base 7) to base 2.
1001010100000101
1815 (base 9) to base 16
56f
Convert 64527 (base 8) to base 12.
13733
What is -11588 (base 10) in base 3?
-120220012
What is 609 (base 14) in base 9?
1556
37177 (base 10) to base 8
110471
What is 57530 (base 9) in base 13?
145b3
2566 (base 10) to base 12
159a
What is 16075 (base 9) in base 11?
82a3
-3c5 (base 15) to base 8
-1534
What is -260653 (base 8) in base 10?
-90539
-afdf (base 16) to base 11
-30910
-8a1 (base 15) to base 8
-3637
-26c75 (base 13) to base 14
-1c576
What is -1074 (base 8) in base 2?
-1000111100
What is -1172 (base 12) in base 2?
-11110100110
What is 15040 (base 7) in base 16?
1030
What is 1411 (base 9) in base 3?
1110101
What is -21132231 (base 4) in base 16?
-97ad
What is 50045 (base 6) in base 5?
202014
Convert 601 (base 14) to base 7.
3301
-14123 (base 5) to base 16
-48b
Convert -1531 (base 7) to base 10.
-610
What is 1204123 (base 5) in base 8?
53615
5a3 (base 15) to base 8
2376
-250 (base 16) to base 2
-1001010000
What is -8 (base 9) in base 15?
-8
-1586 (base 14) to base 3
-12021022
What is 1214 (base 7) in base 4?
13010
Convert 57 (base 11) to base 6.
142
Convert -100110 (base 2) to base 13.
-2c
What is -1100002021 (base 3) in base 13?
-bc86
Convert -3542 (base 9) to base 10.
-2630
What is -1335 (base 8) in base 10?
-733
-1814 (base 10) to base 2
-11100010110
-4001 (base 5) to base 12
-359
974 (base 15) to base 14
ac6
Convert 236662 (base 7) to base 4.
22203031
What is -15115 (base 6) in base 2?
-100101110111
What is -6526 (base 7) in base 8?
-4423
3301 (base 7) to base 9
1547
-2457 (base 11) to base 6
-22504
Convert -13397 (base 12) to base 10.
-26467
60667 (base 9) to base 5
2234123
-139 (base 11) to base 9
-201
25332 (base 6) to base 8
7330
What is -2202232 (base 4) in base 2?
-10100010101110
2981 (base 13) to base 4
1132010
Convert -2d5 (base 15) to base 5.
-10100
What is 65775 (base 9) in base 10?
43646
1014 (base 10) to base 2
1111110110
111 (base 4) to base 3
210
-203 (base 13) to base 12
-245
Convert -10111110110 (base 2) to base 11.
-1168
Convert -48004 (base 10) to base 3.
-2102211221
What is 163552 (base 7) in base 15?
9984
What is 111120 (base 3) in base 12?
266
What is -846 (base 16) in base 12?
-1286
What is -264 (base 15) in base 3?
-202011
What is d (base 14) in base 4?
31
-217 (base 9) to base 11
-152
Convert 4473 (base 13) to base 5.
301213
10510 (base 8) to base 5
120144
What is -8506 (base 9) in base 2?
-1100001100011
Convert -1231003 (base 4) to base 3.
-100120111
Convert -1532 (base 8) to base 3.
-1011210
1094 (base 15) to base 2
110110111010
What is 14